{"id":270,"date":"2020-01-19T21:33:12","date_gmt":"2020-01-19T21:33:12","guid":{"rendered":"http:\/\/sdg-fuernsal.de\/?page_id=270"},"modified":"2026-04-05T11:37:13","modified_gmt":"2026-04-05T11:37:13","slug":"veranstaltungen-2","status":"publish","type":"page","link":"https:\/\/sdg-fuernsal.de\/?page_id=270","title":{"rendered":"Veranstaltungen"},"content":{"rendered":"\n<h2 class=\"wp-block-heading has-vivid-cyan-blue-color has-text-color has-link-color wp-elements-a06a7d8dd088155e778bc2e3fcf0fec2\"><a href=\"https:\/\/sdg-fuernsal.de\/?page_id=277\" data-type=\"page\" data-id=\"277\">SENIORENNACHMITTAG<\/a><\/h2>\n\n\n\n<div class=\"wp-block-group\"><div class=\"wp-block-group__inner-container is-layout-constrained wp-block-group-is-layout-constrained\">\n<div class=\"wp-block-group\"><div class=\"wp-block-group__inner-container is-layout-constrained wp-block-group-is-layout-constrained\">\n<hr style=\"width:100%;text-align:left;margin-left:0\">\n\n\n\n<div class=\"wp-block-columns is-layout-flex wp-container-core-columns-is-layout-9d6595d7 wp-block-columns-is-layout-flex\">\n<div class=\"wp-block-column is-layout-flow wp-block-column-is-layout-flow\">\n<p><strong>Termine (2026)<\/strong><br><br>&#8211; 13. Januar<br>&#8211; 10. Februar<br>&#8211; 10. M\u00e4rz<br>&#8211; 14. April<br>&#8211; 12. Mai<br>&#8211; 09. Juni<br>&#8211; 14. Juli<br>&#8211; 08. September<br>&#8211; 13. Oktober<br>&#8211; 10. November<br>&#8211; 08. Dezember<\/p>\n\n\n\n<p>Jeweils ab 14 Uhr im B\u00fcrgerhaus F\u00fcrnsal.<br>Im August ist Sommerpause.<\/p>\n<\/div>\n\n\n\n<div class=\"wp-block-column is-layout-flow wp-block-column-is-layout-flow\">\n<figure class=\"wp-block-image size-full\"><img loading=\"lazy\" decoding=\"async\" width=\"480\" height=\"320\" src=\"https:\/\/sdg-fuernsal.de\/wp-content\/uploads\/2024\/02\/Seniorentreff_neu.jpg\" alt=\"\" class=\"wp-image-764\" srcset=\"https:\/\/sdg-fuernsal.de\/wp-content\/uploads\/2024\/02\/Seniorentreff_neu.jpg 480w, https:\/\/sdg-fuernsal.de\/wp-content\/uploads\/2024\/02\/Seniorentreff_neu-300x200.jpg 300w\" sizes=\"auto, (max-width: 480px) 100vw, 480px\" \/><\/figure>\n<\/div>\n<\/div>\n<\/div><\/div>\n<\/div><\/div>\n\n\n\n<div class=\"wp-block-columns is-layout-flex wp-container-core-columns-is-layout-9d6595d7 wp-block-columns-is-layout-flex\">\n<div class=\"wp-block-column is-layout-flow wp-block-column-is-layout-flow\">\n<br>\n<\/div>\n<\/div>\n\n\n\n<h2 class=\"wp-block-heading has-vivid-cyan-blue-color has-text-color has-link-color wp-elements-e6c8a8a61f1ef5ddffb3fefbb364efa6\"><a href=\"https:\/\/sdg-fuernsal.de\/?page_id=273\" data-type=\"page\" data-id=\"273\">B\u00dcRGERTREFF<\/a><\/h2>\n\n\n\n<div class=\"wp-block-group\"><div class=\"wp-block-group__inner-container is-layout-constrained wp-block-group-is-layout-constrained\">\n<div class=\"wp-block-group\"><div class=\"wp-block-group__inner-container is-layout-constrained wp-block-group-is-layout-constrained\">\n<hr style=\"width:100%;text-align:left;margin-left:0\">\n\n\n\n<div class=\"wp-block-columns is-layout-flex wp-container-core-columns-is-layout-9d6595d7 wp-block-columns-is-layout-flex\">\n<div class=\"wp-block-column is-layout-flow wp-block-column-is-layout-flow\">\n<p><strong>Termine (2026)<\/strong><br><br>&#8211; 20. Februar<br>&#8211; 30. April (Maihockete); 18.00 Uhr Baumstellen<br>&#8211; 26. Juni<br>&#8211; 30. Oktober (Mostbesen) &#8211; Ort: <strong>Skih\u00fctte F\u00fcrnsal<\/strong><\/p>\n\n\n\n<p>Jeweils ab 19:30 Uhr im B\u00fcrgerhaus F\u00fcrnsal bzw. bei sch\u00f6nem Wetter auf dem Dorfplatz. Ausnahmen sind entsprechend gekennzeichnet.<\/p>\n<\/div>\n\n\n\n<div class=\"wp-block-column is-layout-flow wp-block-column-is-layout-flow\">\n<figure class=\"wp-block-image size-full\"><img loading=\"lazy\" decoding=\"async\" width=\"480\" height=\"320\" src=\"https:\/\/sdg-fuernsal.de\/wp-content\/uploads\/2024\/02\/Buergertreff_neu.jpg\" alt=\"\" class=\"wp-image-761\" srcset=\"https:\/\/sdg-fuernsal.de\/wp-content\/uploads\/2024\/02\/Buergertreff_neu.jpg 480w, https:\/\/sdg-fuernsal.de\/wp-content\/uploads\/2024\/02\/Buergertreff_neu-300x200.jpg 300w\" sizes=\"auto, (max-width: 480px) 100vw, 480px\" \/><\/figure>\n<\/div>\n<\/div>\n<\/div><\/div>\n<\/div><\/div>\n\n\n\n<br>\n\n\n\n<h2 class=\"wp-block-heading has-vivid-cyan-blue-color has-text-color has-link-color wp-elements-c268c101fbe5922fb1731608421306fe\"><a href=\"https:\/\/sdg-fuernsal.de\/?page_id=583\" data-type=\"page\" data-id=\"583\">B\u00dcRGERCAF\u00c9<\/a><\/h2>\n\n\n\n<div class=\"wp-block-columns is-layout-flex wp-container-core-columns-is-layout-9d6595d7 wp-block-columns-is-layout-flex\">\n<div class=\"wp-block-column is-layout-flow wp-block-column-is-layout-flow\">\n<div class=\"wp-block-group\"><div class=\"wp-block-group__inner-container is-layout-constrained wp-block-group-is-layout-constrained\">\n<div class=\"wp-block-group\"><div class=\"wp-block-group__inner-container is-layout-constrained wp-block-group-is-layout-constrained\">\n<hr style=\"width:100%;text-align:left;margin-left:0\">\n\n\n\n<div class=\"wp-block-columns is-layout-flex wp-container-core-columns-is-layout-9d6595d7 wp-block-columns-is-layout-flex\">\n<div class=\"wp-block-column is-layout-flow wp-block-column-is-layout-flow\">\n<p><strong>Termine<\/strong> <strong>(2026)<\/strong><br><br>&#8211; 22. M\u00e4rz<br>&#8211; 31. Mai<br>&#8211; 19. Juli<br>&#8211; 27. September<br>&#8211; 29. November (Adventscaf\u00e9)<\/p>\n\n\n\n<p>Jeweils von 14 bis 17 Uhr im B\u00fcrgerhaus F\u00fcrnsal bzw. bei sch\u00f6nem Wetter auf dem Dorfplatz.<\/p>\n<\/div>\n\n\n\n<div class=\"wp-block-column is-layout-flow wp-block-column-is-layout-flow\">\n<figure class=\"wp-block-image size-full\"><img loading=\"lazy\" decoding=\"async\" width=\"480\" height=\"320\" src=\"https:\/\/sdg-fuernsal.de\/wp-content\/uploads\/2024\/02\/Buergercafe_2_neu.jpg\" alt=\"\" class=\"wp-image-765\" srcset=\"https:\/\/sdg-fuernsal.de\/wp-content\/uploads\/2024\/02\/Buergercafe_2_neu.jpg 480w, https:\/\/sdg-fuernsal.de\/wp-content\/uploads\/2024\/02\/Buergercafe_2_neu-300x200.jpg 300w\" sizes=\"auto, (max-width: 480px) 100vw, 480px\" \/><\/figure>\n<\/div>\n<\/div>\n<\/div><\/div>\n<\/div><\/div>\n<\/div>\n<\/div>\n\n\n\n<br>\n\n\n\n<h2 class=\"wp-block-heading\">SONSTIGES<\/h2>\n\n\n\n<div class=\"wp-block-group\"><div class=\"wp-block-group__inner-container is-layout-constrained wp-block-group-is-layout-constrained\">\n<div class=\"wp-block-columns is-layout-flex wp-container-core-columns-is-layout-9d6595d7 wp-block-columns-is-layout-flex\">\n<div class=\"wp-block-column is-layout-flow wp-block-column-is-layout-flow\">\n<div class=\"wp-block-group\"><div class=\"wp-block-group__inner-container is-layout-constrained wp-block-group-is-layout-constrained\">\n<div class=\"wp-block-group\"><div class=\"wp-block-group__inner-container is-layout-constrained wp-block-group-is-layout-constrained\">\n<hr style=\"width:100%;text-align:left;margin-left:0\">\n\n\n\n<div class=\"wp-block-columns is-layout-flex wp-container-core-columns-is-layout-9d6595d7 wp-block-columns-is-layout-flex\">\n<div class=\"wp-block-column is-layout-flow wp-block-column-is-layout-flow\">\n<p><strong>Termine<\/strong> <strong>(2026)<\/strong><br><br>&#8211; 23. Januar: Mitgliederversammlung (19:30 Uhr)<br><br>&#8211; 29. Januar <strong>2027<\/strong>: Mitgliederversammlung (19:30 Uhr)<\/p>\n\n\n\n<p><\/p>\n<\/div>\n\n\n\n<div class=\"wp-block-column is-layout-flow wp-block-column-is-layout-flow\">\n<figure class=\"wp-block-image size-full\"><img loading=\"lazy\" decoding=\"async\" width=\"480\" height=\"320\" src=\"https:\/\/sdg-fuernsal.de\/wp-content\/uploads\/2024\/02\/Sonstiges.jpg\" alt=\"\" class=\"wp-image-755\" srcset=\"https:\/\/sdg-fuernsal.de\/wp-content\/uploads\/2024\/02\/Sonstiges.jpg 480w, https:\/\/sdg-fuernsal.de\/wp-content\/uploads\/2024\/02\/Sonstiges-300x200.jpg 300w\" sizes=\"auto, (max-width: 480px) 100vw, 480px\" \/><\/figure>\n<\/div>\n<\/div>\n<\/div><\/div>\n<\/div><\/div>\n<\/div>\n<\/div>\n<\/div><\/div>\n","protected":false},"excerpt":{"rendered":"<p>SENIORENNACHMITTAG B\u00dcRGERTREFF B\u00dcRGERCAF\u00c9 SONSTIGES<\/p>\n","protected":false},"author":1,"featured_media":0,"parent":0,"menu_order":0,"comment_status":"closed","ping_status":"closed","template":"","meta":{"footnotes":""},"class_list":["post-270","page","type-page","status-publish","hentry"],"_links":{"self":[{"href":"https:\/\/sdg-fuernsal.de\/index.php?rest_route=\/wp\/v2\/pages\/270","targetHints":{"allow":["GET"]}}],"collection":[{"href":"https:\/\/sdg-fuernsal.de\/index.php?rest_route=\/wp\/v2\/pages"}],"about":[{"href":"https:\/\/sdg-fuernsal.de\/index.php?rest_route=\/wp\/v2\/types\/page"}],"author":[{"embeddable":true,"href":"https:\/\/sdg-fuernsal.de\/index.php?rest_route=\/wp\/v2\/users\/1"}],"replies":[{"embeddable":true,"href":"https:\/\/sdg-fuernsal.de\/index.php?rest_route=%2Fwp%2Fv2%2Fcomments&post=270"}],"version-history":[{"count":40,"href":"https:\/\/sdg-fuernsal.de\/index.php?rest_route=\/wp\/v2\/pages\/270\/revisions"}],"predecessor-version":[{"id":985,"href":"https:\/\/sdg-fuernsal.de\/index.php?rest_route=\/wp\/v2\/pages\/270\/revisions\/985"}],"wp:attachment":[{"href":"https:\/\/sdg-fuernsal.de\/index.php?rest_route=%2Fwp%2Fv2%2Fmedia&parent=270"}],"curies":[{"name":"wp","href":"https:\/\/api.w.org\/{rel}","templated":true}]}}

<h2 class="wp-block-heading has-vivid-cyan-blue-color has-text-color has-link-color wp-elements-a06a7d8dd088155e778bc2e3fcf0fec2"><a href="https://sdg-fuernsal.de/?page_id=277" data-type="page" data-id="277">SENIORENNACHMITTAG</a></h2>



<div class="wp-block-group"><div class="wp-block-group__inner-container is-layout-constrained wp-block-group-is-layout-constrained">
<div class="wp-block-group"><div class="wp-block-group__inner-container is-layout-constrained wp-block-group-is-layout-constrained">
<hr style="width:100%;text-align:left;margin-left:0">



<div class="wp-block-columns is-layout-flex wp-container-core-columns-is-layout-9d6595d7 wp-block-columns-is-layout-flex">
<div class="wp-block-column is-layout-flow wp-block-column-is-layout-flow">
<p><strong>Termine (2026)</strong><br><br>&#8211; 13. Januar<br>&#8211; 10. Februar<br>&#8211; 10. März<br>&#8211; 14. April<br>&#8211; 12. Mai<br>&#8211; 09. Juni<br>&#8211; 14. Juli<br>&#8211; 08. September<br>&#8211; 13. Oktober<br>&#8211; 10. November<br>&#8211; 08. Dezember</p>



<p>Jeweils ab 14 Uhr im Bürgerhaus Fürnsal.<br>Im August ist Sommerpause.</p>
</div>



<div class="wp-block-column is-layout-flow wp-block-column-is-layout-flow">
<figure class="wp-block-image size-full"><img loading="lazy" decoding="async" width="480" height="320" src="https://sdg-fuernsal.de/wp-content/uploads/2024/02/Seniorentreff_neu.jpg" alt="" class="wp-image-764" srcset="https://sdg-fuernsal.de/wp-content/uploads/2024/02/Seniorentreff_neu.jpg 480w, https://sdg-fuernsal.de/wp-content/uploads/2024/02/Seniorentreff_neu-300x200.jpg 300w" sizes="auto, (max-width: 480px) 100vw, 480px" /></figure>
</div>
</div>
</div></div>
</div></div>



<div class="wp-block-columns is-layout-flex wp-container-core-columns-is-layout-9d6595d7 wp-block-columns-is-layout-flex">
<div class="wp-block-column is-layout-flow wp-block-column-is-layout-flow">
<br>
</div>
</div>



<h2 class="wp-block-heading has-vivid-cyan-blue-color has-text-color has-link-color wp-elements-e6c8a8a61f1ef5ddffb3fefbb364efa6"><a href="https://sdg-fuernsal.de/?page_id=273" data-type="page" data-id="273">BÜRGERTREFF</a></h2>



<div class="wp-block-group"><div class="wp-block-group__inner-container is-layout-constrained wp-block-group-is-layout-constrained">
<div class="wp-block-group"><div class="wp-block-group__inner-container is-layout-constrained wp-block-group-is-layout-constrained">
<hr style="width:100%;text-align:left;margin-left:0">



<div class="wp-block-columns is-layout-flex wp-container-core-columns-is-layout-9d6595d7 wp-block-columns-is-layout-flex">
<div class="wp-block-column is-layout-flow wp-block-column-is-layout-flow">
<p><strong>Termine (2026)</strong><br><br>&#8211; 20. Februar<br>&#8211; 30. April (Maihockete); 18.00 Uhr Baumstellen<br>&#8211; 26. Juni<br>&#8211; 30. Oktober (Mostbesen) &#8211; Ort: <strong>Skihütte Fürnsal</strong></p>



<p>Jeweils ab 19:30 Uhr im Bürgerhaus Fürnsal bzw. bei schönem Wetter auf dem Dorfplatz. Ausnahmen sind entsprechend gekennzeichnet.</p>
</div>



<div class="wp-block-column is-layout-flow wp-block-column-is-layout-flow">
<figure class="wp-block-image size-full"><img loading="lazy" decoding="async" width="480" height="320" src="https://sdg-fuernsal.de/wp-content/uploads/2024/02/Buergertreff_neu.jpg" alt="" class="wp-image-761" srcset="https://sdg-fuernsal.de/wp-content/uploads/2024/02/Buergertreff_neu.jpg 480w, https://sdg-fuernsal.de/wp-content/uploads/2024/02/Buergertreff_neu-300x200.jpg 300w" sizes="auto, (max-width: 480px) 100vw, 480px" /></figure>
</div>
</div>
</div></div>
</div></div>



<br>



<h2 class="wp-block-heading has-vivid-cyan-blue-color has-text-color has-link-color wp-elements-c268c101fbe5922fb1731608421306fe"><a href="https://sdg-fuernsal.de/?page_id=583" data-type="page" data-id="583">BÜRGERCAFÉ</a></h2>



<div class="wp-block-columns is-layout-flex wp-container-core-columns-is-layout-9d6595d7 wp-block-columns-is-layout-flex">
<div class="wp-block-column is-layout-flow wp-block-column-is-layout-flow">
<div class="wp-block-group"><div class="wp-block-group__inner-container is-layout-constrained wp-block-group-is-layout-constrained">
<div class="wp-block-group"><div class="wp-block-group__inner-container is-layout-constrained wp-block-group-is-layout-constrained">
<hr style="width:100%;text-align:left;margin-left:0">



<div class="wp-block-columns is-layout-flex wp-container-core-columns-is-layout-9d6595d7 wp-block-columns-is-layout-flex">
<div class="wp-block-column is-layout-flow wp-block-column-is-layout-flow">
<p><strong>Termine</strong> <strong>(2026)</strong><br><br>&#8211; 22. März<br>&#8211; 31. Mai<br>&#8211; 19. Juli<br>&#8211; 27. September<br>&#8211; 29. November (Adventscafé)</p>



<p>Jeweils von 14 bis 17 Uhr im Bürgerhaus Fürnsal bzw. bei schönem Wetter auf dem Dorfplatz.</p>
</div>



<div class="wp-block-column is-layout-flow wp-block-column-is-layout-flow">
<figure class="wp-block-image size-full"><img loading="lazy" decoding="async" width="480" height="320" src="https://sdg-fuernsal.de/wp-content/uploads/2024/02/Buergercafe_2_neu.jpg" alt="" class="wp-image-765" srcset="https://sdg-fuernsal.de/wp-content/uploads/2024/02/Buergercafe_2_neu.jpg 480w, https://sdg-fuernsal.de/wp-content/uploads/2024/02/Buergercafe_2_neu-300x200.jpg 300w" sizes="auto, (max-width: 480px) 100vw, 480px" /></figure>
</div>
</div>
</div></div>
</div></div>
</div>
</div>



<br>



<h2 class="wp-block-heading">SONSTIGES</h2>



<div class="wp-block-group"><div class="wp-block-group__inner-container is-layout-constrained wp-block-group-is-layout-constrained">
<div class="wp-block-columns is-layout-flex wp-container-core-columns-is-layout-9d6595d7 wp-block-columns-is-layout-flex">
<div class="wp-block-column is-layout-flow wp-block-column-is-layout-flow">
<div class="wp-block-group"><div class="wp-block-group__inner-container is-layout-constrained wp-block-group-is-layout-constrained">
<div class="wp-block-group"><div class="wp-block-group__inner-container is-layout-constrained wp-block-group-is-layout-constrained">
<hr style="width:100%;text-align:left;margin-left:0">



<div class="wp-block-columns is-layout-flex wp-container-core-columns-is-layout-9d6595d7 wp-block-columns-is-layout-flex">
<div class="wp-block-column is-layout-flow wp-block-column-is-layout-flow">
<p><strong>Termine</strong> <strong>(2026)</strong><br><br>&#8211; 23. Januar: Mitgliederversammlung (19:30 Uhr)<br><br>&#8211; 29. Januar <strong>2027</strong>: Mitgliederversammlung (19:30 Uhr)</p>



<p></p>
</div>



<div class="wp-block-column is-layout-flow wp-block-column-is-layout-flow">
<figure class="wp-block-image size-full"><img loading="lazy" decoding="async" width="480" height="320" src="https://sdg-fuernsal.de/wp-content/uploads/2024/02/Sonstiges.jpg" alt="" class="wp-image-755" srcset="https://sdg-fuernsal.de/wp-content/uploads/2024/02/Sonstiges.jpg 480w, https://sdg-fuernsal.de/wp-content/uploads/2024/02/Sonstiges-300x200.jpg 300w" sizes="auto, (max-width: 480px) 100vw, 480px" /></figure>
</div>
</div>
</div></div>
</div></div>
</div>
</div>
</div></div>

<p>SENIORENNACHMITTAG BÜRGERTREFF BÜRGERCAFÉ SONSTIGES</p>
