{"id":273,"date":"2020-01-19T21:36:03","date_gmt":"2020-01-19T21:36:03","guid":{"rendered":"http:\/\/sdg-fuernsal.de\/?page_id=273"},"modified":"2026-03-13T14:31:50","modified_gmt":"2026-03-13T14:31:50","slug":"stammtisch","status":"publish","type":"page","link":"https:\/\/sdg-fuernsal.de\/?page_id=273","title":{"rendered":"B\u00fcrgertreff"},"content":{"rendered":"\n<p>Um regelm\u00e4\u00dfig mit Freunden und Nachbarn in gem\u00fctlicher Runde zwanglos in Kontakt zu bleiben, wurden im Jahr 2016 die B\u00fcrgertreffs ins Leben gerufen. Jeweils am letzten Freitag in jedem zweiten Monat* wird ab 19.30 Uhr im B\u00fcrgerhaus F\u00fcrnsal bewirtet &#8211; bei sch\u00f6nem Wetter auf dem Dorfplatz. Das kulinarische Angebot entspringt der Kreativit\u00e4t der Organisatoren und ist in der Regel der jeweiligen Jahreszeit angepasst. <\/p>\n\n\n\n<p>Herzlich willkommen sind alle Freunde der Ski- und Dorfgemeinschaft aus nah und fern.<\/p>\n\n\n\n<p class=\"has-text-color\" style=\"color:#858585;font-size:15px\">* Monate mit einer geraden Zahl<\/p>\n\n\n\n<br><br><br>\n\n\n\n<div class=\"wp-block-group\"><div class=\"wp-block-group__inner-container is-layout-constrained wp-block-group-is-layout-constrained\">\n<hr style=\"width:100%;text-align:left;margin-left:0\">\n\n\n\n<div class=\"wp-block-columns is-layout-flex wp-container-core-columns-is-layout-9d6595d7 wp-block-columns-is-layout-flex\">\n<div class=\"wp-block-column is-layout-flow wp-block-column-is-layout-flow\">\n<p><strong>Termine (2026)<\/strong><br><br>&#8211; 20. Februar<br>&#8211; 30. April (Maihockete); 18.00 Uhr Baumstellen<br>&#8211; 26. Juni<br>&#8211; 30. Oktober (Mostbesen) &#8211; Ort: <strong>Skih\u00fctte F\u00fcrnsal<\/strong><\/p>\n\n\n\n<p>Jeweils ab 19:30 Uhr im B\u00fcrgerhaus F\u00fcrnsal bzw. bei sch\u00f6nem Wetter auf dem Dorfplatz. Ausnahmen sind entsprechend gekennzeichnet.<\/p>\n<\/div>\n\n\n\n<div class=\"wp-block-column is-layout-flow wp-block-column-is-layout-flow\">\n<figure class=\"wp-block-image size-full\"><img loading=\"lazy\" decoding=\"async\" width=\"480\" height=\"320\" src=\"https:\/\/sdg-fuernsal.de\/wp-content\/uploads\/2024\/02\/Buergertreff_neu.jpg\" alt=\"\" class=\"wp-image-761\" srcset=\"https:\/\/sdg-fuernsal.de\/wp-content\/uploads\/2024\/02\/Buergertreff_neu.jpg 480w, https:\/\/sdg-fuernsal.de\/wp-content\/uploads\/2024\/02\/Buergertreff_neu-300x200.jpg 300w\" sizes=\"auto, (max-width: 480px) 100vw, 480px\" \/><\/figure>\n<\/div>\n<\/div>\n<\/div><\/div>\n","protected":false},"excerpt":{"rendered":"<p>Um regelm\u00e4\u00dfig mit Freunden und Nachbarn in gem\u00fctlicher Runde zwanglos in Kontakt zu bleiben, wurden im Jahr 2016 die B\u00fcrgertreffs ins Leben gerufen. Jeweils am letzten Freitag in jedem zweiten Monat* wird ab 19.30 Uhr im B\u00fcrgerhaus F\u00fcrnsal bewirtet &#8211; bei sch\u00f6nem Wetter auf dem Dorfplatz. Das kulinarische Angebot entspringt der Kreativit\u00e4t der Organisatoren und &hellip; <\/p>\n<p class=\"link-more\"><a href=\"https:\/\/sdg-fuernsal.de\/?page_id=273\" class=\"more-link\"><span class=\"screen-reader-text\">\u201eB\u00fcrgertreff\u201c <\/span>weiterlesen<\/a><\/p>\n","protected":false},"author":1,"featured_media":497,"parent":270,"menu_order":0,"comment_status":"closed","ping_status":"closed","template":"","meta":{"footnotes":""},"class_list":["post-273","page","type-page","status-publish","has-post-thumbnail","hentry"],"_links":{"self":[{"href":"https:\/\/sdg-fuernsal.de\/index.php?rest_route=\/wp\/v2\/pages\/273","targetHints":{"allow":["GET"]}}],"collection":[{"href":"https:\/\/sdg-fuernsal.de\/index.php?rest_route=\/wp\/v2\/pages"}],"about":[{"href":"https:\/\/sdg-fuernsal.de\/index.php?rest_route=\/wp\/v2\/types\/page"}],"author":[{"embeddable":true,"href":"https:\/\/sdg-fuernsal.de\/index.php?rest_route=\/wp\/v2\/users\/1"}],"replies":[{"embeddable":true,"href":"https:\/\/sdg-fuernsal.de\/index.php?rest_route=%2Fwp%2Fv2%2Fcomments&post=273"}],"version-history":[{"count":10,"href":"https:\/\/sdg-fuernsal.de\/index.php?rest_route=\/wp\/v2\/pages\/273\/revisions"}],"predecessor-version":[{"id":956,"href":"https:\/\/sdg-fuernsal.de\/index.php?rest_route=\/wp\/v2\/pages\/273\/revisions\/956"}],"up":[{"embeddable":true,"href":"https:\/\/sdg-fuernsal.de\/index.php?rest_route=\/wp\/v2\/pages\/270"}],"wp:featuredmedia":[{"embeddable":true,"href":"https:\/\/sdg-fuernsal.de\/index.php?rest_route=\/wp\/v2\/media\/497"}],"wp:attachment":[{"href":"https:\/\/sdg-fuernsal.de\/index.php?rest_route=%2Fwp%2Fv2%2Fmedia&parent=273"}],"curies":[{"name":"wp","href":"https:\/\/api.w.org\/{rel}","templated":true}]}}

Bürgertreff

<p>Um regelmäßig mit Freunden und Nachbarn in gemütlicher Runde zwanglos in Kontakt zu bleiben, wurden im Jahr 2016 die Bürgertreffs ins Leben gerufen. Jeweils am letzten Freitag in jedem zweiten Monat* wird ab 19.30 Uhr im Bürgerhaus Fürnsal bewirtet &#8211; bei schönem Wetter auf dem Dorfplatz. Das kulinarische Angebot entspringt der Kreativität der Organisatoren und ist in der Regel der jeweiligen Jahreszeit angepasst. </p>



<p>Herzlich willkommen sind alle Freunde der Ski- und Dorfgemeinschaft aus nah und fern.</p>



<p class="has-text-color" style="color:#858585;font-size:15px">* Monate mit einer geraden Zahl</p>



<br><br><br>



<div class="wp-block-group"><div class="wp-block-group__inner-container is-layout-constrained wp-block-group-is-layout-constrained">
<hr style="width:100%;text-align:left;margin-left:0">



<div class="wp-block-columns is-layout-flex wp-container-core-columns-is-layout-9d6595d7 wp-block-columns-is-layout-flex">
<div class="wp-block-column is-layout-flow wp-block-column-is-layout-flow">
<p><strong>Termine (2026)</strong><br><br>&#8211; 20. Februar<br>&#8211; 30. April (Maihockete); 18.00 Uhr Baumstellen<br>&#8211; 26. Juni<br>&#8211; 30. Oktober (Mostbesen) &#8211; Ort: <strong>Skihütte Fürnsal</strong></p>



<p>Jeweils ab 19:30 Uhr im Bürgerhaus Fürnsal bzw. bei schönem Wetter auf dem Dorfplatz. Ausnahmen sind entsprechend gekennzeichnet.</p>
</div>



<div class="wp-block-column is-layout-flow wp-block-column-is-layout-flow">
<figure class="wp-block-image size-full"><img loading="lazy" decoding="async" width="480" height="320" src="https://sdg-fuernsal.de/wp-content/uploads/2024/02/Buergertreff_neu.jpg" alt="" class="wp-image-761" srcset="https://sdg-fuernsal.de/wp-content/uploads/2024/02/Buergertreff_neu.jpg 480w, https://sdg-fuernsal.de/wp-content/uploads/2024/02/Buergertreff_neu-300x200.jpg 300w" sizes="auto, (max-width: 480px) 100vw, 480px" /></figure>
</div>
</div>
</div></div>

<p>Um regelmäßig mit Freunden und Nachbarn in gemütlicher Runde zwanglos in Kontakt zu bleiben, wurden im Jahr 2016 die Bürgertreffs ins Leben gerufen. Jeweils am letzten Freitag in jedem zweiten Monat* wird ab 19.30 Uhr im Bürgerhaus Fürnsal bewirtet &#8211; bei schönem Wetter auf dem Dorfplatz. Das kulinarische Angebot entspringt der Kreativität der Organisatoren und &hellip; </p>
<p class="link-more"><a href="https://sdg-fuernsal.de/?page_id=273" class="more-link"><span class="screen-reader-text">„Bürgertreff“ </span>weiterlesen</a></p>
